{"id":501,"date":"2025-04-05T14:35:16","date_gmt":"2025-04-05T14:35:16","guid":{"rendered":"https:\/\/www.escargotvino.com\/?product=jura-chardo-savagnin"},"modified":"2025-04-05T14:35:16","modified_gmt":"2025-04-05T14:35:16","slug":"jura-chardo-savagnin","status":"publish","type":"product","link":"https:\/\/www.escargotvino.com\/?product=jura-chardo-savagnin","title":{"rendered":"Jura chardo savagnin"},"content":{"rendered":"<p>Sur Marnes bleues, c\u00f4te de Jura \u00e0 min\u00e9ralit\u00e9 tr\u00e8s int\u00e9ressante. Meilleur qu&rsquo;un  c\u00f4te d&rsquo;or Bourgogne.<\/p>\n","protected":false},"excerpt":{"rendered":"<p>Sur Marnes bleues, c\u00f4te de Jura \u00e0 min\u00e9ralit\u00e9 tr\u00e8s int\u00e9ressante. Meilleur qu&rsquo;un c\u00f4te d&rsquo;or Bourgogne.<\/p>\n","protected":false},"featured_media":500,"comment_status":"open","ping_status":"closed","template":"","meta":[],"product_brand":[],"product_cat":[18],"product_tag":[],"class_list":{"0":"post-501","1":"product","2":"type-product","3":"status-publish","4":"has-post-thumbnail","6":"product_cat-non-classe","8":"first","9":"instock","10":"taxable","11":"shipping-taxable","12":"product-type-simple"},"jetpack_sharing_enabled":true,"_links":{"self":[{"href":"https:\/\/www.escargotvino.com\/index.php?rest_route=\/wp\/v2\/product\/501","targetHints":{"allow":["GET"]}}],"collection":[{"href":"https:\/\/www.escargotvino.com\/index.php?rest_route=\/wp\/v2\/product"}],"about":[{"href":"https:\/\/www.escargotvino.com\/index.php?rest_route=\/wp\/v2\/types\/product"}],"replies":[{"embeddable":true,"href":"https:\/\/www.escargotvino.com\/index.php?rest_route=%2Fwp%2Fv2%2Fcomments&post=501"}],"wp:featuredmedia":[{"embeddable":true,"href":"https:\/\/www.escargotvino.com\/index.php?rest_route=\/wp\/v2\/media\/500"}],"wp:attachment":[{"href":"https:\/\/www.escargotvino.com\/index.php?rest_route=%2Fwp%2Fv2%2Fmedia&parent=501"}],"wp:term":[{"taxonomy":"product_brand","embeddable":true,"href":"https:\/\/www.escargotvino.com\/index.php?rest_route=%2Fwp%2Fv2%2Fproduct_brand&post=501"},{"taxonomy":"product_cat","embeddable":true,"href":"https:\/\/www.escargotvino.com\/index.php?rest_route=%2Fwp%2Fv2%2Fproduct_cat&post=501"},{"taxonomy":"product_tag","embeddable":true,"href":"https:\/\/www.escargotvino.com\/index.php?rest_route=%2Fwp%2Fv2%2Fproduct_tag&post=501"}],"curies":[{"name":"wp","href":"https:\/\/api.w.org\/{rel}","templated":true}]}}