{"id":444,"date":"2025-04-03T08:03:02","date_gmt":"2025-04-03T08:03:02","guid":{"rendered":"https:\/\/www.escargotvino.com\/?product=cru-goulaine-muscadet"},"modified":"2025-04-03T08:15:47","modified_gmt":"2025-04-03T08:15:47","slug":"cru-goulaine-muscadet","status":"publish","type":"product","link":"https:\/\/www.escargotvino.com\/?product=cru-goulaine-muscadet","title":{"rendered":"Cru Goulaine Muscadet"},"content":{"rendered":"<p>21 mois\/lies, parcelle s\u00e9lectionn\u00e9e pour sa pente dra\u00eenante et sa roche m\u00e8re micaschiste affleurante :<\/p>\n<p>Onctuosit\u00e9 couleur jaune profonde et ar\u00f4me tertiaire d&rsquo;\u00e9levage d&rsquo;amande un peu torr\u00e9fi\u00e9e. Une complexit\u00e9 sans amertume qui plaira au plus grand nombre et s&rsquo;accordera largement des fruits de mer (tb sur les bulots mayo)  auxvolailles et au fromages cr\u00e9meux.<\/p>\n","protected":false},"excerpt":{"rendered":"<p>21 mois\/lies, parcelle s\u00e9lectionn\u00e9e pour sa pente dra\u00eenante et sa roche m\u00e8re micaschiste affleurante : Onctuosit\u00e9 couleur jaune profonde et ar\u00f4me tertiaire d&rsquo;\u00e9levage d&rsquo;amande un peu torr\u00e9fi\u00e9e. Une complexit\u00e9 sans amertume qui plaira au plus grand nombre et s&rsquo;accordera largement des fruits de mer (tb sur les bulots mayo) auxvolailles et au fromages cr\u00e9meux.<\/p>\n","protected":false},"featured_media":442,"comment_status":"open","ping_status":"closed","template":"","meta":[],"product_brand":[],"product_cat":[24,22,23],"product_tag":[],"class_list":{"0":"post-444","1":"product","2":"type-product","3":"status-publish","4":"has-post-thumbnail","6":"product_cat-beurre","7":"product_cat-blanc","8":"product_cat-sec","10":"first","11":"instock","12":"sale","13":"taxable","14":"shipping-taxable","15":"purchasable","16":"product-type-simple"},"jetpack_sharing_enabled":true,"_links":{"self":[{"href":"https:\/\/www.escargotvino.com\/index.php?rest_route=\/wp\/v2\/product\/444","targetHints":{"allow":["GET"]}}],"collection":[{"href":"https:\/\/www.escargotvino.com\/index.php?rest_route=\/wp\/v2\/product"}],"about":[{"href":"https:\/\/www.escargotvino.com\/index.php?rest_route=\/wp\/v2\/types\/product"}],"replies":[{"embeddable":true,"href":"https:\/\/www.escargotvino.com\/index.php?rest_route=%2Fwp%2Fv2%2Fcomments&post=444"}],"wp:featuredmedia":[{"embeddable":true,"href":"https:\/\/www.escargotvino.com\/index.php?rest_route=\/wp\/v2\/media\/442"}],"wp:attachment":[{"href":"https:\/\/www.escargotvino.com\/index.php?rest_route=%2Fwp%2Fv2%2Fmedia&parent=444"}],"wp:term":[{"taxonomy":"product_brand","embeddable":true,"href":"https:\/\/www.escargotvino.com\/index.php?rest_route=%2Fwp%2Fv2%2Fproduct_brand&post=444"},{"taxonomy":"product_cat","embeddable":true,"href":"https:\/\/www.escargotvino.com\/index.php?rest_route=%2Fwp%2Fv2%2Fproduct_cat&post=444"},{"taxonomy":"product_tag","embeddable":true,"href":"https:\/\/www.escargotvino.com\/index.php?rest_route=%2Fwp%2Fv2%2Fproduct_tag&post=444"}],"curies":[{"name":"wp","href":"https:\/\/api.w.org\/{rel}","templated":true}]}}