{"id":136,"date":"2025-03-04T10:24:27","date_gmt":"2025-03-04T10:24:27","guid":{"rendered":"https:\/\/www.escargotvino.com\/?product=la-pepiere-muscadet-domaine-biodyvin"},"modified":"2025-04-04T16:23:02","modified_gmt":"2025-04-04T16:23:02","slug":"la-pepiere-muscadet-domaine-biodyvin","status":"publish","type":"product","link":"https:\/\/www.escargotvino.com\/?product=la-pepiere-muscadet-domaine-biodyvin","title":{"rendered":"La P\u00e9pi\u00e8re &#8211; Muscadet domaine &#8211; biodyvin"},"content":{"rendered":"<p>Sur les granodiorites de Maisdon-sur-S\u00e8vre, se r\u00e9v\u00e8le une magnifique min\u00e9ralit\u00e9 iod\u00e9e, toujours accompagn\u00e9e d&rsquo;un agr\u00e9able perlant. Ce vin offre un bel \u00e9quilibre et une finale nacr\u00e9e, \u00e9voquant le toucher lisse d&rsquo;une coquille et des notes d&rsquo;amande blanche. Parfait sur les hu\u00eetres. Un classique facile \u00e0 d\u00e9guster du vignoble de Nantes.<\/p>\n","protected":false},"excerpt":{"rendered":"<p>Sur les granodiorites de Maisdon-sur-S\u00e8vre, se r\u00e9v\u00e8le une magnifique min\u00e9ralit\u00e9 iod\u00e9e, toujours accompagn\u00e9e d&rsquo;un agr\u00e9able perlant. Ce vin offre un bel \u00e9quilibre et une finale nacr\u00e9e, \u00e9voquant le toucher lisse d&rsquo;une coquille et des notes d&rsquo;amande blanche. Parfait sur les hu\u00eetres. Un classique facile \u00e0 d\u00e9guster du vignoble de Nantes.<\/p>\n","protected":false},"featured_media":461,"comment_status":"open","ping_status":"closed","template":"","meta":[],"product_brand":[],"product_cat":[28,38,18,22,23],"product_tag":[],"class_list":{"0":"post-136","1":"product","2":"type-product","3":"status-publish","4":"has-post-thumbnail","6":"product_cat-floral","7":"product_cat-mineral","8":"product_cat-non-classe","9":"product_cat-blanc","10":"product_cat-sec","12":"first","13":"instock","14":"taxable","15":"shipping-taxable","16":"purchasable","17":"product-type-simple"},"jetpack_sharing_enabled":true,"_links":{"self":[{"href":"https:\/\/www.escargotvino.com\/index.php?rest_route=\/wp\/v2\/product\/136","targetHints":{"allow":["GET"]}}],"collection":[{"href":"https:\/\/www.escargotvino.com\/index.php?rest_route=\/wp\/v2\/product"}],"about":[{"href":"https:\/\/www.escargotvino.com\/index.php?rest_route=\/wp\/v2\/types\/product"}],"replies":[{"embeddable":true,"href":"https:\/\/www.escargotvino.com\/index.php?rest_route=%2Fwp%2Fv2%2Fcomments&post=136"}],"wp:featuredmedia":[{"embeddable":true,"href":"https:\/\/www.escargotvino.com\/index.php?rest_route=\/wp\/v2\/media\/461"}],"wp:attachment":[{"href":"https:\/\/www.escargotvino.com\/index.php?rest_route=%2Fwp%2Fv2%2Fmedia&parent=136"}],"wp:term":[{"taxonomy":"product_brand","embeddable":true,"href":"https:\/\/www.escargotvino.com\/index.php?rest_route=%2Fwp%2Fv2%2Fproduct_brand&post=136"},{"taxonomy":"product_cat","embeddable":true,"href":"https:\/\/www.escargotvino.com\/index.php?rest_route=%2Fwp%2Fv2%2Fproduct_cat&post=136"},{"taxonomy":"product_tag","embeddable":true,"href":"https:\/\/www.escargotvino.com\/index.php?rest_route=%2Fwp%2Fv2%2Fproduct_tag&post=136"}],"curies":[{"name":"wp","href":"https:\/\/api.w.org\/{rel}","templated":true}]}}